{"id":2028,"date":"2024-02-29T19:42:21","date_gmt":"2024-02-29T18:42:21","guid":{"rendered":"https:\/\/id4ex.il.pw.edu.pl\/?page_id=2028"},"modified":"2024-03-12T22:33:11","modified_gmt":"2024-03-12T21:33:11","slug":"rezultaty","status":"publish","type":"page","link":"https:\/\/id4ex.il.pw.edu.pl\/index.php\/pl\/rezultaty\/","title":{"rendered":"Rezultaty"},"content":{"rendered":"<p><a href=\"https:\/\/id4ex.vercel.app\/\"><img loading=\"lazy\" decoding=\"async\" class=\"alignnone size-full wp-image-1891\" src=\"https:\/\/id4ex.il.pw.edu.pl\/wp-content\/uploads\/2023\/10\/3D-hut.gif\" alt=\"\" width=\"864\" height=\"864\"><\/a><\/p>\n<p>Rezultaty projektu:<\/p>\n<ul>\n<li><a href=\"https:\/\/chmura.il.pw.edu.pl\/index.php\/s\/5pWcoZQgeTRM8xL\">IO1 &#8211; Comparative research on VR technologies applications for the rehabilitation and valorization of the built heritage (rezultat tylko w j\u0119zyku angielskim)<\/a><\/li>\n<li><a href=\"https:\/\/chmura.il.pw.edu.pl\/index.php\/s\/DqnTX4JnkpAoSHp\">IO2 \u2014 Modu\u0142y szkoleniowe dla ekspert\u00f3w zajmuj\u0105cych si\u0119 projektowaniem immersyjnym<\/a><\/li>\n<li><a href=\"https:\/\/chmura.il.pw.edu.pl\/index.php\/s\/iQXPzdLfsx6bsXB\">IO3 \u2014 Cyfrowy zestaw narz\u0119dzi szkoleniowych dla ekspert\u00f3w zajmuj\u0105cych si\u0119 projektowaniem immersyjnym<\/a><\/li>\n<li><a href=\"https:\/\/chmura.il.pw.edu.pl\/index.php\/s\/RAYwB7DDW9A7FRo\">IO4 &#8211; Report on pilot actions for immersive design experts (rezultat tylko w j\u0119zyku angielskim)<\/a><\/li>\n<\/ul>\n<p>&nbsp;<\/p>\n<p>Dodatkowe rezultaty:<\/p>\n<ul>\n<li style=\"list-style-type: none;\">\n<ul>\n<li><a href=\"https:\/\/chmura.il.pw.edu.pl\/index.php\/s\/Jeg2cykQ5wERikD\">Green practices for the project management (rezultat tylko w j\u0119zyku angielskim)<\/a><\/li>\n<li><a href=\"https:\/\/chmura.il.pw.edu.pl\/index.php\/s\/Jeg2cykQ5wERikD\">Posters (rezultat tylko w j\u0119zyku angielskim)<\/a><\/li>\n<li><a href=\"https:\/\/chmura.il.pw.edu.pl\/index.php\/s\/Jeg2cykQ5wERikD\">Leaflets (rezultat tylko w j\u0119zyku angielskim)<\/a><\/li>\n<li><a href=\"https:\/\/chmura.il.pw.edu.pl\/index.php\/s\/Jeg2cykQ5wERikD\">i wi\u0119cej!<\/a><\/li>\n<\/ul>\n<\/li>\n<\/ul>\n","protected":false},"excerpt":{"rendered":"<p>Rezultaty projektu: IO1 &#8211; Comparative research on VR technologies applications for the rehabilitation and valorization of the built heritage (rezultat tylko w j\u0119zyku angielskim) IO2 \u2014 Modu\u0142y szkoleniowe dla ekspert\u00f3w zajmuj\u0105cych si\u0119 projektowaniem immersyjnym IO3 \u2014 Cyfrowy zestaw narz\u0119dzi szkoleniowych dla ekspert\u00f3w zajmuj\u0105cych si\u0119 projektowaniem immersyjnym IO4 &#8211; Report on pilot actions for immersive design &hellip; <a href=\"https:\/\/id4ex.il.pw.edu.pl\/index.php\/pl\/rezultaty\/\" class=\"more-link\">Continue reading <span class=\"screen-reader-text\">Rezultaty<\/span> <span class=\"meta-nav\">&rarr;<\/span><\/a><\/p>\n","protected":false},"author":1,"featured_media":0,"parent":0,"menu_order":0,"comment_status":"closed","ping_status":"closed","template":"","meta":{"ngg_post_thumbnail":0,"footnotes":""},"class_list":["post-2028","page","type-page","status-publish","hentry"],"_links":{"self":[{"href":"https:\/\/id4ex.il.pw.edu.pl\/index.php\/wp-json\/wp\/v2\/pages\/2028","targetHints":{"allow":["GET"]}}],"collection":[{"href":"https:\/\/id4ex.il.pw.edu.pl\/index.php\/wp-json\/wp\/v2\/pages"}],"about":[{"href":"https:\/\/id4ex.il.pw.edu.pl\/index.php\/wp-json\/wp\/v2\/types\/page"}],"author":[{"embeddable":true,"href":"https:\/\/id4ex.il.pw.edu.pl\/index.php\/wp-json\/wp\/v2\/users\/1"}],"replies":[{"embeddable":true,"href":"https:\/\/id4ex.il.pw.edu.pl\/index.php\/wp-json\/wp\/v2\/comments?post=2028"}],"version-history":[{"count":2,"href":"https:\/\/id4ex.il.pw.edu.pl\/index.php\/wp-json\/wp\/v2\/pages\/2028\/revisions"}],"predecessor-version":[{"id":2034,"href":"https:\/\/id4ex.il.pw.edu.pl\/index.php\/wp-json\/wp\/v2\/pages\/2028\/revisions\/2034"}],"wp:attachment":[{"href":"https:\/\/id4ex.il.pw.edu.pl\/index.php\/wp-json\/wp\/v2\/media?parent=2028"}],"curies":[{"name":"wp","href":"https:\/\/api.w.org\/{rel}","templated":true}]}}