{"id":2025,"date":"2024-02-29T19:37:10","date_gmt":"2024-02-29T18:37:10","guid":{"rendered":"https:\/\/id4ex.il.pw.edu.pl\/?page_id=2025"},"modified":"2024-02-29T19:37:10","modified_gmt":"2024-02-29T18:37:10","slug":"projektowanie-immersyjne","status":"publish","type":"page","link":"https:\/\/id4ex.il.pw.edu.pl\/index.php\/pl\/projektowanie-immersyjne\/","title":{"rendered":"Projektowanie immersyjne"},"content":{"rendered":"<div class=\"QFw9Te BLojaf\">\n<div class=\"hlJJmd\">&nbsp;<\/div>\n<\/div>\n<div class=\"QcsUad BDJ8fb BLojaf sMVRZe wneUed\">\n<div class=\"usGWQd\">\n<div class=\"KkbLmb\">\n<div class=\"lRu31\" dir=\"ltr\"><span class=\"HwtZe\" lang=\"pl\"><span class=\"jCAhz ChMk0b\"><span class=\"ryNqvb\"><strong>Projektowanie immersyjne<\/strong> (projektowanie eksperymentalne) opisuje prace projektowe, kt\u00f3re obejmuj\u0105 r\u00f3\u017cne poziomy interakcji i prowadz\u0105 u\u017cytkownik\u00f3w do ca\u0142kowitego poch\u0142oni\u0119cia do\u015bwiadczeniem.<\/span><\/span> <span class=\"jCAhz ChMk0b\"><span class=\"ryNqvb\">Ta forma projektowania obejmuje wykorzystanie VR (<a href=\"https:\/\/en.wikipedia.org\/wiki\/Virtual_reality\">rzeczywisto\u015bci wirtualnej<\/a>), AR (<a href=\"https:\/\/en.wikipedia.org\/wiki\/Augmented_reality\">rzeczywisto\u015bci rozszerzone<\/a><a href=\"https:\/\/en.wikipedia.org\/wiki\/Augmented_reality\">j<\/a>) i MR (<a href=\"https:\/\/en.wikipedia.org\/wiki\/Mixed_reality\">r<\/a><a href=\"https:\/\/en.wikipedia.org\/wiki\/Mixed_reality\">zeczywisto\u015bci mieszanej<\/a>), co stwarza iluzj\u0119, \u017ce u\u017cytkownik fizycznie wchodzi w interakcj\u0119 z realistyczn\u0105 cyfrow\u0105 atmosfer\u0105.<\/span><\/span><\/span><sup id=\"cite_ref-1\" class=\"reference\"><a href=\"https:\/\/en.wikipedia.org\/wiki\/Immersive_design\">[1]<\/a><\/sup><sup id=\"cite_ref-1\" class=\"reference\"><a href=\"https:\/\/en.wikipedia.org\/wiki\/Immersive_design#cite_note-1\">[2]<\/a><\/sup><sup id=\"cite_ref-2\" class=\"reference\"><a href=\"https:\/\/en.wikipedia.org\/wiki\/Immersive_design#cite_note-2\">[3]<\/a><\/sup><\/div>\n<\/div>\n<\/div>\n<\/div>\n<p><img loading=\"lazy\" decoding=\"async\" class=\"alignnone size-full wp-image-1459\" src=\"https:\/\/id4ex.il.pw.edu.pl\/wp-content\/uploads\/2022\/04\/ID.png\" alt=\"\" width=\"1117\" height=\"760\" srcset=\"https:\/\/id4ex.il.pw.edu.pl\/wp-content\/uploads\/2022\/04\/ID.png 1117w, https:\/\/id4ex.il.pw.edu.pl\/wp-content\/uploads\/2022\/04\/ID-300x204.png 300w, https:\/\/id4ex.il.pw.edu.pl\/wp-content\/uploads\/2022\/04\/ID-1024x697.png 1024w, https:\/\/id4ex.il.pw.edu.pl\/wp-content\/uploads\/2022\/04\/ID-768x523.png 768w\" sizes=\"auto, (max-width: 1117px) 100vw, 1117px\" \/><\/p>\n<p>&nbsp;<\/p>\n","protected":false},"excerpt":{"rendered":"<p>&nbsp; Projektowanie immersyjne (projektowanie eksperymentalne) opisuje prace projektowe, kt\u00f3re obejmuj\u0105 r\u00f3\u017cne poziomy interakcji i prowadz\u0105 u\u017cytkownik\u00f3w do ca\u0142kowitego poch\u0142oni\u0119cia do\u015bwiadczeniem. Ta forma projektowania obejmuje wykorzystanie VR (rzeczywisto\u015bci wirtualnej), AR (rzeczywisto\u015bci rozszerzonej) i MR (rzeczywisto\u015bci mieszanej), co stwarza iluzj\u0119, \u017ce u\u017cytkownik fizycznie wchodzi w interakcj\u0119 z realistyczn\u0105 cyfrow\u0105 atmosfer\u0105.[1][2][3] &nbsp;<\/p>\n","protected":false},"author":1,"featured_media":0,"parent":0,"menu_order":0,"comment_status":"closed","ping_status":"closed","template":"","meta":{"ngg_post_thumbnail":0,"footnotes":""},"class_list":["post-2025","page","type-page","status-publish","hentry"],"_links":{"self":[{"href":"https:\/\/id4ex.il.pw.edu.pl\/index.php\/wp-json\/wp\/v2\/pages\/2025","targetHints":{"allow":["GET"]}}],"collection":[{"href":"https:\/\/id4ex.il.pw.edu.pl\/index.php\/wp-json\/wp\/v2\/pages"}],"about":[{"href":"https:\/\/id4ex.il.pw.edu.pl\/index.php\/wp-json\/wp\/v2\/types\/page"}],"author":[{"embeddable":true,"href":"https:\/\/id4ex.il.pw.edu.pl\/index.php\/wp-json\/wp\/v2\/users\/1"}],"replies":[{"embeddable":true,"href":"https:\/\/id4ex.il.pw.edu.pl\/index.php\/wp-json\/wp\/v2\/comments?post=2025"}],"version-history":[{"count":1,"href":"https:\/\/id4ex.il.pw.edu.pl\/index.php\/wp-json\/wp\/v2\/pages\/2025\/revisions"}],"predecessor-version":[{"id":2026,"href":"https:\/\/id4ex.il.pw.edu.pl\/index.php\/wp-json\/wp\/v2\/pages\/2025\/revisions\/2026"}],"wp:attachment":[{"href":"https:\/\/id4ex.il.pw.edu.pl\/index.php\/wp-json\/wp\/v2\/media?parent=2025"}],"curies":[{"name":"wp","href":"https:\/\/api.w.org\/{rel}","templated":true}]}}